5 - -80. Calculate the greatest common factor of h and a.
11
Let n = 17 + -7. Calculate the highest common factor of 60 and n.
10
Suppose 0 = 2*m + p + 4*p - 18, -3*m + 8 = -2*p. Calculate the highest common divisor of m and 12.
4
Let i(u) = 4*u**2 + 3*u - 5. Let f be i(-6). Suppose 69 + f = 2*w. Calculate the highest common factor of 38 and w.
19
Suppose 3*y + 7 = 25. Let t(z) = -z**3 - 6*z**2 - z + 3. Let a be t(-6). Calculate the greatest common factor of a and y.
3
Let p(l) = l**3 + 9*l**2 - 13*l - 27. Let j be p(-10). What is the greatest common factor of j and 3?
3
Let i = 1 - -3. Suppose -i*n - 148 = -3*c, 0 = 2*n - 0 - 4. Calculate the highest common divisor of c and 13.
13
Suppose -2*t + 5*h + 39 = 6*h, 5*t - 99 = -3*h. What is the highest common divisor of 54 and t?
18
Let u be 19 - ((-21)/(-7) + -2). Suppose 0*i + 2*j + 362 = 5*i, -5*i - 5*j = -355. What is the highest common divisor of u and i?
18
Let h(a) = 8 + 8*a - 8*a**2 + 6*a + a**3 - 6*a. Let n be h(7). Suppose 171 - 6 = l. What is the greatest common factor of l and n?
15
Let q = 4 - -2. Let r(i) = -i**2 + 6*i + 6. Let d be r(q). Let t = d + 2. What is the greatest common divisor of t and 72?
8
Let x(a) = -2*a**2 - 22*a + 39. Let i be x(-12). Calculate the highest common factor of 3 and i.
3
Suppose 4*t - 19 - 73 = -2*z, -5*z - 2*t = -190. What is the greatest common divisor of 108 and z?
36
Let y be (3/(-4))/((-69)/1564). Suppose 0 = 3*f + 36 - 597. Calculate the highest common factor of f and y.
17
Let q(d) = d**3 - 4*d**2 + 4*d. Let r be q(3). Let l(n) = -129*n**2 + 68*n**2 + 62*n**2 + 3. Let c be l(r). What is the highest common divisor of 30 and c?
6
Let j(u) = u**2 - 2*u + 1. Let n be j(-3). Suppose -5*h = -23 - 2, -4*h + n = 4*f. Let i be (f + 2)/(1/8). What is the highest common divisor of i and 72?
8
Suppose -4*w + 8*c = 7*c - 6, -c = 2. Calculate the greatest common divisor of 11 and w.
1
Suppose -4*c + 11 = 5*o + 2, o = 4*c - 27. Let x = 16 - c. Let r = -4 + 9. Calculate the greatest common factor of x and r.
5
Let k = 0 + -6. Let n = 0 + k. Let c = 11 + n. What is the greatest common factor of 35 and c?
5
Let v be (-1614)/(-14) - (-15)/(525/(-10)). Calculate the highest common divisor of 46 and v.
23
Let h be 14*(2/4 - 0). Let j = h + -2. Let p be ((-6)/(-4))/((-2)/(-20)). What is the highest common factor of j and p?
5
Suppose -2*r = -r - 5. Suppose -r*u + m + 130 = -4*m, 4*u = -3*m + 118. Let w = 91 - 21. What is the highest common divisor of w and u?
14
Let z = -44 - -63. What is the greatest common factor of 38 and z?
19
Let i be (-4)/(-5)*25/10. Let w be 2/(i*3/9). What is the highest common divisor of w and 24?
3
Suppose 3*j + j - 180 = 0. What is the greatest common divisor of 18 and j?
9
Suppose 6*d + 90 = 9*d. Calculate the greatest common factor of 60 and d.
30
Let x(s) = 5*s - 4*s - 8*s - 3. Let l = 1 + -3. Let u be x(l). What is the greatest common factor of 88 and u?
11
Suppose -8 = -5*j + 22. Suppose j*t - 2*t - 100 = 5*x, x + 84 = 4*t. Calculate the highest common factor of t and 5.
5
Let u = -18 + 40. Calculate the greatest common factor of u and 33.
11
Suppose 0 = 2*c - 7*c - 4*h + 46, 4*c + 3*h = 37. What is the greatest common divisor of 40 and c?
10
Let c(k) = -k**3 + 8*k**2 + 8. Let m be c(6). Calculate the greatest common factor of m and 16.
16
Suppose -y = -k + y - 12, -4*k + y - 34 = 0. Let h be (-2)/3*1188/k. What is the greatest common factor of 66 and h?
33
Suppose -19 - 1 = -2*c. What is the highest common factor of 25 and c?
5
Suppose -9*i + 8*i + 12 = 0. What is the highest common factor of i and 30?
6
Let k(v) = -v**3 + 7*v**2 - 4*v. Let t be k(6). What is the highest common factor of 228 and t?
12
Let s be -4 - -2 - -3 - 1. Suppose s*l + 12 = l. What is the greatest common divisor of 60 and l?
12
Let s = 80 - 16. Calculate the greatest common divisor of 16 and s.
16
Let j be ((-804)/(-9))/2 - (-10)/(-15). What is the greatest common factor of 4 and j?
4
Let h(y) = y**2 + y - 4. Let u be h(-3). Suppose p - 4*z - 24 = 0, -7 - u = -3*z. Calculate the highest common factor of p and 12.
12
Suppose 2*c - 6 = -c, 0 = 4*h - c - 38. What is the greatest common divisor of 25 and h?
5
Let p(a) = 2*a**2 - 6*a - 3. Let u be p(-5). Calculate the greatest common factor of u and 11.
11
Suppose -3*z - 2*z = -165. Let u be 3/(4/176*6). What is the greatest common factor of u and z?
11
Suppose -q - 17 = -2*q. Suppose -4*i = 3*y - 284, -4*i - y = -33 - 243. What is the highest common divisor of q and i?
17
Let y(j) = j**3 - 3*j**2 - 3*j + 5. Let k be y(5). What is the highest common divisor of k and 10?
10
Let i(k) = -2*k - 2. Let q be i(-2). Let l be (q/6)/(3/9). Suppose m - 4 = -0*m. Calculate the greatest common divisor of l and m.
1
Let z be (376/(-2))/(-2)*1. Suppose z = d + 2*u, -198 = -3*d + d + u. Suppose -q + y - 4 = -16, -4*y + 8 = 0. What is the highest common divisor of d and q?
14
Let x = -13 - -40. Let s be (x/(-2))/((-3)/20). Calculate the highest common divisor of s and 36.
18
Let i(x) = -2 + 2 + x**2 - x. Suppose -4*o - o = -10. Let d be i(o). Calculate the greatest common factor of 2 and d.
2
Suppose -2*x = -2*k - 20, -x - 2*k + 6 = -k. Let i(n) = n**2 - 6*n + 2. Let c be i(6). Suppose c*y + 0*y = 32. What is the highest common factor of x and y?
8
Suppose 40 = u - 10. What is the highest common factor of u and 5?
5
Let a be (-2 - -3)*(-15)/3. Let h(b) = b + 8. Let q be h(a). What is the greatest common divisor of 24 and q?
3
Suppose -11*t - 128 = -13*t. Calculate the greatest common divisor of t and 32.
32
Suppose 3*s = -4*h + 23, 2*h + 2*s + 2 = 12. Let c(b) = 2*b + 8. Let v be c(h). What is the highest common divisor of 6 and v?
6
Suppose 55 = 2*o - y - 11, 0 = 5*o - 2*y - 167. What is the highest common divisor of o and 21?
7
Let c be 2366/49 + -2 + (-24)/(-14). Suppose -s = 5*w - 57, -4*w + 2*w + 4*s + 36 = 0. Calculate the greatest common divisor of c and w.
12
Suppose 2*y = 4*f + 4*y - 6, -3*y - 23 = -2*f. Calculate the greatest common factor of f and 20.
4
Suppose -5*t + g - 4*g - 36 = 0, -3*g = 2*t + 18. Let z be -1*(-15)/t*-26. Let v be 2/(-9) - z/(-9). What is the greatest common divisor of v and 63?
7
Suppose -6*n - 132 = -17*n. What is the highest common factor of n and 156?
12
Suppose -5*r + 5*c + 24 = -11, -4*c = 2*r + 4. Let k = -5 + r. Let f be k*2 - 0 - -3. Calculate the greatest common factor of f and 7.
1
Let k be (0 - -3)/((-3)/(-35)). Let s = -5 + k. What is the highest common divisor of s and 15?
15
Let q = 5 + -2. Calculate the greatest common factor of q and 57.
3
Suppose 0 = 2*h + 30 - 146. Suppose 5*p - h = 47. Suppose 0 = 4*s + c + p - 131, 4*c - 35 = -s. Calculate the highest common factor of 3 and s.
3
Suppose -2*d = 2*d + c - 47, -5*d + 70 = 5*c. Calculate the greatest common divisor of d and 11.
11
Suppose 2*n + 2 = -4. Let f be (n - -2)/(1/(-138)). Suppose -f = -3*s + 348. What is the greatest common divisor of s and 18?
18
Suppose -b - b = -300. Let p be (2/(-5))/((-5)/b). Suppose -90 = -2*a - a. What is the greatest common factor of p and a?
6
Let v(c) = c**2 + 3*c - 6. Let j be v(-5). Suppose -2*l = 0, 5*f - 4*f - 6 = j*l. Suppose -n = -f*n + 50. Calculate the highest common factor of 10 and n.
10
Let o(f) = -7 + 10*f + 4 + 5 - f**2. Let j be o(8). What is the highest common divisor of 54 and j?
18
Let w be -2 + (19 - (2 + 2)). What is the greatest common factor of 117 and w?
13
Suppose 3*w = 5*a - 20, 5*a - 20 = -3*w - 2*w. Suppose 3*z - 3 = -w. What is the greatest common factor of 1 and z?
1
Let x be ((-8)/10)/((-4)/130). Let u(y) = 13*y - 13. Let j be u(4). What is the greatest common divisor of x and j?
13
Let y be (-525)/6*(-8)/10. Calculate the greatest common divisor of 10 and y.
10
Suppose -3*y - 5*l = -7, 2*y - 4*l + 10 = -0*l. Let s be (-5)/((-2 + y)/3). Let q be (5 - s) + 1*2. Calculate the greatest common factor of q and 4.
2
Let h(d) = d**2 - 3*d. Let c be h(-4). What is the highest common factor of c and 7?
7
Suppose 6*t - 66 = 24. Calculate the highest common factor of t and 105.
15
Suppose -5*v + 4*h + 24 = 0, -v + 3*v = 5*h + 13. Suppose -3*m = -2*w - 90, 0*w + 2*w = 4*m - 122. What is the highest common factor of m and v?
4
Let j be 1504/28 + ((-2)/(-7) - 0). Calculate the h